Let u(v) = 4*r(v) + 3*z(v). Calculate u(i).
-5
Let b be 2/(-3)*(-30)/10. Let g(n) = -b*n + 2 + n**2 - 4 + 1. Calculate g(3).
2
Let y be 731/119 - (-1)/(-7). Let b(w) = -w + 6. What is b(y)?
0
Let x(d) = d**2 + 3*d - 4*d + 0 - 1. Let i(m) = 2*m + 41. Let g be i(-21). Calculate x(g).
1
Let x(p) = p**2 + 7*p. Let r be -1*(-3)/(-6)*14. Calculate x(r).
0
Let t(a) = 2 - 3*a + 6*a + a**2 - 2 + 2. Give t(-2).
0
Let h = -16 - -13. Let r(a) = -a**3 - 4*a**2 - 4*a - 3. Calculate r(h).
0
Let f(h) = h**2 - 6*h - 13. Suppose u + 5 = 4*w - 28, 0 = -5*u + 15. Calculate f(w).
14
Let m(u) be the third derivative of u**5/60 - u**4/6 - 7*u**3/6 + 35*u**2. Suppose -4*x = -7 - 13. What is m(x)?
-2
Let b(n) = -6*n + 9. Let f(x) = -x + 1. Let g(u) = -2*b(u) + 18*f(u). Let q be 1/(-2) + 3/2. Give g(q).
-6
Suppose -3*r + 5*r = 2. Let n(x) be the third derivative of -11*x**6/120 + x**5/60 - x**4/12 + x**3/6 - 6*x**2. What is n(r)?
-11
Let a(h) = h**3 - 7*h**2 + 7*h - 1. Let r(z) = z**3 - 6*z**2 + 4*z - 2. Let k be r(2). Let m be k/20 - 26/(-4). Calculate a(m).
5
Let v(p) = 7 + 2 - 1 + p**2 - 3 + 8*p. Calculate v(-6).
-7
Let g(c) = c**3 + c**2 + c + 1. Let h be g(-2). Let q(l) = 5*l - 16. Let r(m) = m - 4. Let x(j) = -2*q(j) + 9*r(j). What is x(h)?
1
Let x(c) be the second derivative of -c**4/12 + c**3/6 + c**2/2 - 2*c + 13. Give x(-2).
-5
Let n(w) be the third derivative of -1/2*w**3 - w**2 + 0 + 0*w + 1/24*w**4. Suppose 0 = -4*m + 2*m + 8. What is n(m)?
1
Let o(h) = h**3 + 10*h**2 + 10*h + 7. Let v be o(-9). Let t(k) = 3*k - 2. Let w(x) = -x + 1. Let q(p) = v*t(p) - 4*w(p). Calculate q(4).
-8
Suppose 3*d = -5*h - 1, 0*d + 2 = -2*d - 4*h. Suppose -4*z + d*x - 8*x = -10, 0 = z + 5*x + 5. Let o(q) = q**3 - 6*q**2 + 8*q - 4. Give o(z).
11
Let o be 33/44*2/3*2. Let m(p) = 4*p + 2. Calculate m(o).
6
Let n = -3 - -2. Let d(v) = 4*v + 5. Let p(m) = m**2 + m - 1. Let u(f) = n*d(f) - p(f). What is u(-5)?
-4
Suppose w - 3 = -a, 0*w + w = a - 3. Let g(u) = u**2 - 6*u + 2. Calculate g(a).
-7
Let v(j) = -3. Suppose x + 3*g = -3*x - 23, 22 = -4*x - 2*g. Let a(w) = w + 7. Let q(z) = x*v(z) - 2*a(z). Calculate q(3).
-5
Let o(j) = 14*j - 15. Let p(l) = 5*l - 5. Let b be 3/12 - (-90)/(-8). Let d(w) = b*p(w) + 4*o(w). Give d(4).
-1
Suppose 3*x = -5*g + g - 53, 71 = -5*x + 2*g. Let t = 27 + x. Suppose -3*m + 9 = p, 4*m = -4*p + 8*m - t. Let a(w) = -w**3 + w - 11. What is a(p)?
-11
Let z(y) = y + 3. Let i be (-2 - 8)*7/(-2). Let p be (-172)/(-14) - 10/i. Suppose -p = -k + 4*k. What is z(k)?
-1
Let q(s) = -s**2 + s - 5. Let a be (2 - (0 + -2)) + -4. Suppose -p + 6 = 2*p. Suppose a = p*u - u. Determine q(u).
-5
Let h(f) be the third derivative of 0*f**5 + 2*f**2 + 0*f + 0 - 5/6*f**3 + 1/120*f**6 + 1/24*f**4. Suppose w = g + 3, -5*g - 2*w = -3*w + 3. Give h(g).
-5
Let v = -11 + 16. Let j(o) = 1 + 4*o - o + 4*o**2 - 5*o**2 + 4. Calculate j(v).
-5
Let x(q) = q**3 + 6*q**2 - 7*q - 3. Let v be x(-7). Let t(m) = m**2 + 2*m + 4. What is t(v)?
7
Let g(i) = 0*i**2 + 76 + i**2 + 7*i - 72. Let d be -7*(-2)/(-2) + 1. Let n be g(d). Let c(z) = 2*z**3 + 4*z**2 + 2*z. Calculate c(n).
-4
Let a(y) be the second derivative of -y**4/12 - y**3 - y**2/2 - y. Let b(n) be the first derivative of a(n). Let d = -20 + 15. Give b(d).
4
Suppose 6*z = 3*z. Suppose -5*m + 5*n = -5, 2 = -3*m + 4*n - z*n. Let p(s) = s**2 - 4*s - 6. What is p(m)?
6
Let k(g) = 13*g**2 + 24*g + 17. Let t(q) = 3*q**2 + 6*q + 4. Let w be 2/((-1 - -1) + -1). Let n(y) = w*k(y) + 9*t(y). Suppose -25*h = -6*h + 76. Give n(h).
-6
Let i(a) = 2*a**3 + 1 - 3 - 3*a**3 + 3*a**2. Let c = -1 - -4. Suppose -3*z = c*k - 0*z + 3, 0 = -3*k - 5*z - 9. What is i(k)?
2
Suppose 2*w + 6 = 4*l, -4*w + l + 18 = 3*l. Let u(b) be the third derivative of 5/24*b**4 - 5/6*b**w - 1/60*b**5 + 0 + 0*b - b**2. Calculate u(5).
-5
Let h(i) = 4*i**3 - 8*i**2 - 10*i - 20. Let t(c) = -9*c**3 + 15*c**2 + 20*c + 41. Let p(y) = 7*h(y) + 3*t(y). Calculate p(12).
7
Suppose 3 = 3*w + 4*m, -6*w + m - 18 = -w. Suppose 3*s = -4*p, -p = 5*s - 9 + 26. Let i(v) = -p*v**3 - 1 - 3 + 4*v**3 + 2*v + 4*v**2. Determine i(w).
-1
Let v(c) = c**2 - 7*c. Let k be v(7). Let g be (k/(-2) - -2) + 2. Let d(a) = 2*a + 0 + 9*a - 3 - 10*a. Give d(g).
1
Let a(p) = p**2 - p**2 - 2*p**2 + p**2. Determine a(-2).
-4
Let o(c) = c**2 - 2*c + 1. Let i(b) = b**2 - b. Let l(v) = 2*i(v) - o(v). Let z be ((-2)/4)/((-1)/(-2)). Calculate l(z).
0
Let x(k) = 8*k - 3 + 4 - 3. Determine x(2).
14
Let a(d) = -2*d - 2. Let b be 4/(-10)*(-3 + -7). Let x(p) = -p**2 + 5*p + 1. Let k be x(b). Calculate a(k).
-12
Let k = -19 - -9. Let z be k/6 - (-5)/(-15). Let n(g) = -2*g**2 - g - 2. Give n(z).
-8
Let v(g) be the third derivative of g**4/24 + 5*g**2. Suppose 0 = a - 4*a + 3*q + 18, -a + 3*q = -10. Calculate v(a).
4
Let u(a) be the first derivative of -5*a**2/2 - 6*a + 6. Give u(-4).
14
Let m be (-1 - 2/4)*2. Let a(j) = -j**2 - 4*j - 1. Let i be a(m). Let b be i/6 + (-4)/12. Let z(l) = l**3 - l - 6. Determine z(b).
-6
Let m(p) = 6*p + 6 + 10*p - 14*p. What is m(-6)?
-6
Let p(t) = t**3 + 13*t**2 + 14*t + 18. Let l be p(-12). Let w(d) be the second derivative of d**3/6 + 4*d**2 + d. What is w(l)?
2
Suppose 5 = 5*h - 5. Suppose 0 = a + h. Let w(s) = -3*s. Calculate w(a).
6
Let y(v) = v**3 - 6*v**2 + 3*v - 14. Let w be y(6). Suppose -7*k + 12 = -w*k. Let b(u) = -u**2 + 2*u + 5. Determine b(k).
-3
Let u(b) = -b**3 + 6*b**2 + 3. Let x(h) = -7*h**3 - 2*h**2 - h. Let q be x(-1). Calculate u(q).
3
Let i(v) = -v**2 + 4*v - 5. Suppose -3*q - 15 = -6*q. Let c(d) = -2*d**2 + 6*d**2 - d**3 + d**2 + 5. Let y be c(q). Determine i(y).
-10
Let k(b) = -3*b + 1. Suppose -5*i - 1 = -6. Determine k(i).
-2
Let b(t) = -2*t**3 + 2*t**3 - 2*t**2 + t**2 + 3 + t**3 - 4*t. Let v = 4 + -2. Determine b(v).
-1
Suppose 0 = z + 4*o - 8, 4 = -4*o + 12. Let s(j) = -2 - 3*j + 3*j - j. Calculate s(z).
-2
Let c be (18/10)/((-3)/(-15)). Let i = c - 6. Suppose -4*u = -16, -7*f = -i*f - 3*u. Let j(h) = -3*h + 3. Give j(f).
-6
Let c(t) = t**3 - 4*t**2 + 5*t - 3. Let i be (-4)/1*(0 - 18/24). What is c(i)?
3
Let i(h) = h**2 + 8*h + 9. Let o(k) = -k - 1. Let g be o(6). Calculate i(g).
2
Let n(h) be the first derivative of -h**2/2 - 2*h - 2. Calculate n(3).
-5
Let n(t) = t**2 + 8*t + 10. Let d be n(-7). Let j(p) = -4*p**2 + 2*p + p**2 + 4 + 6*p**2 - p**d. What is j(3)?
10
Let g(i) = i**3 - 6*i - 5 - 2*i**2 + 2 - 2*i**2 + 5. Let p(z) be the first derivative of -z**2 - 5*z - 2. Let m be p(-5). Give g(m).
-3
Let l(u) = -u**3 - 5*u**2 + 8*u + 7. Let d be l(-6). Let p(c) = 9 - 3 + 14*c - 6*c - 6*c. Calculate p(d).
-4
Let x(j) = -j - 8. Let h = 13 - 18. Give x(h).
-3
Let g(t) = t**3 - 5*t**2 - 8*t + 6. Let q(d) = -2*d**2 - 11*d + 6. Let s(a) = -a**2 - a. Let i(l) = q(l) - s(l). Let n be i(-10). Calculate g(n).
-6
Suppose 0 = -7*y + 16 - 2. Let x(d) = 2*d**2 - d + 2. Determine x(y).
8
Let d(s) = 4*s**2 - 6 - 3*s**2 + 1 + 0*s + 6*s. Let a be (-3)/(-27)*3*-15. Give d(a).
-10
Let m(p) = 7*p**3 - 6*p**2 + p - 1. Let t(f) = -1 - 3*f**2 + 5*f - 8*f + 4*f + 2*f**3 + f**3. Let u(z) = -2*m(z) + 5*t(z). Calculate u(2).
-1
Let k be ((-5)/(-4))/((-17)/(-68)). Let s(x) = 3*x - 8 + x - k*x. Calculate s(0).
-8
Let z(v) be the third derivative of -v**7/2520 - v**6/240 - v**5/20 - v**4/24 + 3*v**2. Let k(i) be the second derivative of z(i). Calculate k(-4).
-10
Let l(y) be the first derivative of y**3/3 - y**2/2 - y + 5. Suppose 1 + 3 = 5*n - 3*z, 2*n + z - 6 = 0. Calculate l(n).
1
Let d(y) = -2*y + 13*y**3 - 14*y**3 + 3*y. Give d(0).
0
Let g(f) = -f**2. Suppose 2*m = -4*i + 2, 57 = 3*m - 5*i + 21. Suppose 3*x = -m + 1. Calculate g(x).
-4
Let t(w) = w**3 - w - 2. Let d be t(0). Let q be (1 + d)/(1/(-1)). Let l(r) = 5*r**2 + 2*r - 1. Determine l(q).
6
Suppose 4*d = -3 + 27. Suppose d + 10 = 4*i. Let f(g) = g**3 - 4*g**2 + 2*g - 1. Calculate f(i).
7
Let o(f) be the first derivative of -4*f - 1/2*f**2 + 1 - 4/3*f**3 + 1/4*f**4. Give o(4).
-8
Let h(i) be the first derivative of -i**4/4 + i**3 + 3*i**2/2 - 2*i + 2. Let r = 2 + 2. Determine h(r).
-6
Let k(f) = -f. Suppose 2*x + 6 = b - 4, -2*b + 5 = -x. Suppose 2*a - 4*a + 2 = b. What is k(a)?
-1
Let u(p) = -3*p**2 - 1 - 30*p**3 + 31*p**3 + 0 + p. What is u(2)?
-3
Suppose 3*a = -3*w, 35 = 3*a - a - 5*w. Let s(f) = 2*f - 6. What is s(a)?
4
Let z(t) = t**3 -